{"id":17,"date":"2026-02-17T10:02:35","date_gmt":"2026-02-17T10:02:35","guid":{"rendered":"https:\/\/k2notebook.hu\/?page_id=17"},"modified":"2026-02-17T12:03:26","modified_gmt":"2026-02-17T12:03:26","slug":"kapcsolat","status":"publish","type":"page","link":"https:\/\/k2notebook.hu\/index.php\/kapcsolat\/","title":{"rendered":"Kapcsolat"},"content":{"rendered":"\n<div class=\"wp-block-columns alignfull is-layout-flex wp-container-core-columns-is-layout-28f84493 wp-block-columns-is-layout-flex\">\n<div class=\"wp-block-column is-layout-flow wp-block-column-is-layout-flow\">\n<div style=\"width: 100%\"><iframe loading=\"lazy\" width=\"100%\" height=\"400\" frameborder=\"0\" scrolling=\"no\" marginheight=\"0\" marginwidth=\"0\" src=\"https:\/\/maps.google.com\/maps?width=100%25&#038;height=400&#038;hl=hu&#038;q=P%C3%A9cs%2C%20Vars%C3%A1ny%20utca%2020%20(K2%20Notebook)t=&#038;z=14&#038;ie=UTF8&#038;iwloc=B&#038;output=embed\"><\/iframe><\/div>\n\n\n\n<p><\/p>\n<\/div>\n<\/div>\n\n\n\n<div class=\"wp-block-columns container is-layout-flex wp-container-core-columns-is-layout-28f84493 wp-block-columns-is-layout-flex\">\n<div class=\"wp-block-column is-vertically-aligned-center is-layout-flow wp-block-column-is-layout-flow\">\n<h2 class=\"wp-block-heading hestia-title\">K\u00fcldj\u00f6n nek\u00fcnk \u00fczenetet!<\/h2>\n\n\n\n<div style=\"height:40px\" aria-hidden=\"true\" class=\"wp-block-spacer\"><\/div>\n\n\n\n\n<div class=\"wpcf7 no-js\" id=\"wpcf7-f74-o1\" lang=\"hu-HU\" dir=\"ltr\" data-wpcf7-id=\"74\">\n<div class=\"screen-reader-response\"><p role=\"status\" aria-live=\"polite\" aria-atomic=\"true\"><\/p> <ul><\/ul><\/div>\n<form action=\"\/index.php\/wp-json\/wp\/v2\/pages\/17#wpcf7-f74-o1\" method=\"post\" class=\"wpcf7-form init\" aria-label=\"Kapcsolatfelv\u00e9teli \u0171rlap\" novalidate=\"novalidate\" data-status=\"init\">\n<fieldset class=\"hidden-fields-container\"><input type=\"hidden\" name=\"_wpcf7\" value=\"74\" \/><input type=\"hidden\" name=\"_wpcf7_version\" value=\"6.1.5\" \/><input type=\"hidden\" name=\"_wpcf7_locale\" value=\"hu_HU\" \/><input type=\"hidden\" name=\"_wpcf7_unit_tag\" value=\"wpcf7-f74-o1\" \/><input type=\"hidden\" name=\"_wpcf7_container_post\" value=\"0\" \/><input type=\"hidden\" name=\"_wpcf7_posted_data_hash\" value=\"\" \/>\n<\/fieldset>\n<p><label> N\u00e9v<br \/>\n<span class=\"wpcf7-form-control-wrap\" data-name=\"your-name\"><input size=\"40\" maxlength=\"400\" class=\"wpcf7-form-control wpcf7-text wpcf7-validates-as-required\" autocomplete=\"name\" aria-required=\"true\" aria-invalid=\"false\" value=\"\" type=\"text\" name=\"your-name\" \/><\/span> <\/label>\n<\/p>\n<p><label> E-mail c\u00edm<br \/>\n<span class=\"wpcf7-form-control-wrap\" data-name=\"your-email\"><input size=\"40\" maxlength=\"400\" class=\"wpcf7-form-control wpcf7-email wpcf7-validates-as-required wpcf7-text wpcf7-validates-as-email\" autocomplete=\"email\" aria-required=\"true\" aria-invalid=\"false\" value=\"\" type=\"email\" name=\"your-email\" \/><\/span> <\/label>\n<\/p>\n<p><label> T\u00e1rgy<br \/>\n<span class=\"wpcf7-form-control-wrap\" data-name=\"your-subject\"><input size=\"40\" maxlength=\"400\" class=\"wpcf7-form-control wpcf7-text wpcf7-validates-as-required\" aria-required=\"true\" aria-invalid=\"false\" value=\"\" type=\"text\" name=\"your-subject\" \/><\/span> <\/label>\n<\/p>\n<p><label> \u00dczenet (nem k\u00f6telez\u0151)<br \/>\n<span class=\"wpcf7-form-control-wrap\" data-name=\"your-message\"><textarea cols=\"40\" rows=\"10\" maxlength=\"2000\" class=\"wpcf7-form-control wpcf7-textarea\" aria-invalid=\"false\" name=\"your-message\"><\/textarea><\/span> <\/label>\n<\/p>\n<p><input class=\"wpcf7-form-control wpcf7-submit has-spinner\" type=\"submit\" value=\"Bek\u00fcld\u00e9s\" \/>\n<\/p><div class=\"wpcf7-response-output\" aria-hidden=\"true\"><\/div>\n<\/form>\n<\/div>\n\n<\/div>\n\n\n\n<div class=\"wp-block-column is-vertically-aligned-center is-layout-flow wp-block-column-is-layout-flow\">\n<div class=\"wp-block-columns is-layout-flex wp-container-core-columns-is-layout-28f84493 wp-block-columns-is-layout-flex\">\n<div class=\"wp-block-column is-layout-flow wp-block-column-is-layout-flow\"><\/div>\n\n\n\n<div class=\"wp-block-column is-layout-flow wp-block-column-is-layout-flow\" style=\"flex-basis:50%\">\n<h4 class=\"wp-block-heading has-text-align-left hestia-title has-text-color\" style=\"color:#3c4858;font-size:18px\"><img decoding=\"async\" class=\"wp-image-98\" style=\"width: 25px;\" src=\"https:\/\/k2notebook.hu\/wp-content\/themes\/hestia\/assets\/img\/contact2.png\" alt=\"\">  H\u00edvjon minket<\/h4>\n\n\n\n<p class=\"has-text-align-left has-black-color has-text-color\" style=\"font-size:14px\">K\u00e1m\u00e1n Gerg\u0151<br>+36 30 524 1310<br>H\u00e9tf\u0151 &#8211; P\u00e9ntek, 8:00-18:00<\/p>\n\n\n\n<p class=\"has-black-color has-text-color\" style=\"font-size:14px\">Kardos M\u00e1ri\u00f3<br>+36 20 970 1719<br>H\u00e9tf\u0151 &#8211; P\u00e9ntek, 8:00-18:00<\/p>\n\n\n\n<h4 class=\"wp-block-heading has-text-align-left hestia-title has-text-color\" style=\"color:#3c4858;font-size:18px\"><img decoding=\"async\" class=\"wp-image-105\" style=\"width: 25px;\" src=\"https:\/\/k2notebook.hu\/wp-content\/themes\/hestia\/assets\/img\/contact3.png\" alt=\"\">  V\u00e1llalkoz\u00e1s adatai<\/h4>\n\n\n\n<p class=\"has-text-align-left has-black-color has-text-color\" style=\"font-size:14px\"><strong>K\u00e1m\u00e1n Gerg\u0151 ev. (AAM)<\/strong><br>Ad\u00f3sz\u00e1m: 59521824-1-22<br>Nyilv\u00e1ntart\u00e1si sz\u00e1m: PB59521824<\/p>\n\n\n\n<p class=\"has-text-align-left has-black-color has-text-color\" style=\"font-size:14px\"><strong>Kardos M\u00e1ri\u00f3 ev. (\u00c1FA)<\/strong><br>Ad\u00f3sz\u00e1m: 91690940-2-22<br>Nyilv\u00e1ntart\u00e1si sz\u00e1m: 61717963<\/p>\n<\/div>\n<\/div>\n<\/div>\n<\/div>\n\n\n\n<p><\/p>\n","protected":false},"excerpt":{"rendered":"<p>K\u00fcldj\u00f6n nek\u00fcnk \u00fczenetet! H\u00edvjon minket K\u00e1m\u00e1n Gerg\u0151+36 30 524 1310H\u00e9tf\u0151 &#8211; P\u00e9ntek, 8:00-18:00 Kardos M\u00e1ri\u00f3+36 20 970 1719H\u00e9tf\u0151 &#8211; P\u00e9ntek, 8:00-18:00 V\u00e1llalkoz\u00e1s adatai K\u00e1m\u00e1n Gerg\u0151 ev. (AAM)Ad\u00f3sz\u00e1m: 59521824-1-22Nyilv\u00e1ntart\u00e1si sz\u00e1m: PB59521824 Kardos M\u00e1ri\u00f3 ev. (\u00c1FA)Ad\u00f3sz\u00e1m: 91690940-2-22Nyilv\u00e1ntart\u00e1si sz\u00e1m: 61717963<\/p>\n","protected":false},"author":1,"featured_media":9,"parent":0,"menu_order":0,"comment_status":"closed","ping_status":"closed","template":"page-templates\/template-pagebuilder-full-width.php","meta":{"footnotes":""},"class_list":["post-17","page","type-page","status-publish","has-post-thumbnail","hentry"],"_links":{"self":[{"href":"https:\/\/k2notebook.hu\/index.php\/wp-json\/wp\/v2\/pages\/17","targetHints":{"allow":["GET"]}}],"collection":[{"href":"https:\/\/k2notebook.hu\/index.php\/wp-json\/wp\/v2\/pages"}],"about":[{"href":"https:\/\/k2notebook.hu\/index.php\/wp-json\/wp\/v2\/types\/page"}],"author":[{"embeddable":true,"href":"https:\/\/k2notebook.hu\/index.php\/wp-json\/wp\/v2\/users\/1"}],"replies":[{"embeddable":true,"href":"https:\/\/k2notebook.hu\/index.php\/wp-json\/wp\/v2\/comments?post=17"}],"version-history":[{"count":25,"href":"https:\/\/k2notebook.hu\/index.php\/wp-json\/wp\/v2\/pages\/17\/revisions"}],"predecessor-version":[{"id":89,"href":"https:\/\/k2notebook.hu\/index.php\/wp-json\/wp\/v2\/pages\/17\/revisions\/89"}],"wp:featuredmedia":[{"embeddable":true,"href":"https:\/\/k2notebook.hu\/index.php\/wp-json\/wp\/v2\/media\/9"}],"wp:attachment":[{"href":"https:\/\/k2notebook.hu\/index.php\/wp-json\/wp\/v2\/media?parent=17"}],"curies":[{"name":"wp","href":"https:\/\/api.w.org\/{rel}","templated":true}]}}