{"id":160,"date":"2026-02-19T10:42:31","date_gmt":"2026-02-19T10:42:31","guid":{"rendered":"https:\/\/k2notebook.hu\/?page_id=160"},"modified":"2026-03-18T13:01:28","modified_gmt":"2026-03-18T13:01:28","slug":"notebookok","status":"publish","type":"page","link":"https:\/\/k2notebook.hu\/index.php\/notebookok\/","title":{"rendered":"Notebookok"},"content":{"rendered":"\n<div class=\"wp-block-columns is-layout-flex wp-container-core-columns-is-layout-28f84493 wp-block-columns-is-layout-flex\">\n<div class=\"wp-block-column is-layout-flow wp-block-column-is-layout-flow\" style=\"flex-basis:100%\">\n<div class=\"wp-block-group is-layout-grid wp-container-core-group-is-layout-510ef126 wp-block-group-is-layout-grid\">\n<div class=\"wp-block-columns is-layout-flex wp-container-core-columns-is-layout-28f84493 wp-block-columns-is-layout-flex\">\n<div class=\"wp-block-column is-layout-flow wp-block-column-is-layout-flow\">\n<figure class=\"wp-block-gallery has-nested-images columns-default is-cropped wp-block-gallery-1 is-layout-flex wp-block-gallery-is-layout-flex\">\n<figure class=\"wp-block-image size-large has-custom-border\"><a href=\"https:\/\/k2notebook.hu\/wp-content\/uploads\/2026\/03\/dell-3490-1.png\" target=\"_blank\" rel=\" noreferrer noopener\"><img loading=\"lazy\" decoding=\"async\" width=\"1024\" height=\"768\" data-id=\"239\" src=\"https:\/\/k2notebook.hu\/wp-content\/uploads\/2026\/03\/dell-3490-1-1024x768.png\" alt=\"\" class=\"wp-image-239\" style=\"border-width:10px;border-top-left-radius:20px;border-top-right-radius:20px;border-bottom-left-radius:20px;border-bottom-right-radius:20px\" srcset=\"https:\/\/k2notebook.hu\/wp-content\/uploads\/2026\/03\/dell-3490-1-1024x768.png 1024w, https:\/\/k2notebook.hu\/wp-content\/uploads\/2026\/03\/dell-3490-1-300x225.png 300w, https:\/\/k2notebook.hu\/wp-content\/uploads\/2026\/03\/dell-3490-1-768x576.png 768w, https:\/\/k2notebook.hu\/wp-content\/uploads\/2026\/03\/dell-3490-1-1536x1152.png 1536w, https:\/\/k2notebook.hu\/wp-content\/uploads\/2026\/03\/dell-3490-1.png 2048w\" sizes=\"auto, (max-width: 1024px) 100vw, 1024px\" \/><\/a><figcaption class=\"wp-element-caption\"><strong>Dell Latitude 3490 &#8211; 64.990 HUF (\u00c1FA-s)<\/strong><br>Intel Core i3 8130U &#8211; 8 GB DDR4 RAM &#8211; 128 GB SSD (b\u0151v\u00edthet\u0151) &#8211; 14&#8243; HD Ready &#8211; 2-3 \u00f3ra akku &#8211; Windows 11<\/figcaption><\/figure>\n<\/figure>\n<\/div>\n<\/div>\n\n\n\n<div class=\"wp-block-columns is-layout-flex wp-container-core-columns-is-layout-28f84493 wp-block-columns-is-layout-flex\">\n<div class=\"wp-block-column is-layout-flow wp-block-column-is-layout-flow\" style=\"flex-basis:100%\">\n<figure class=\"wp-block-gallery has-nested-images columns-default is-cropped wp-block-gallery-2 is-layout-flex wp-block-gallery-is-layout-flex\">\n<figure class=\"wp-block-image size-large has-custom-border wp-container-content-69bc4bdf\"><a href=\"https:\/\/k2notebook.hu\/wp-content\/uploads\/2026\/03\/dell-5490.png\" target=\"_blank\" rel=\" noreferrer noopener\"><img loading=\"lazy\" decoding=\"async\" width=\"1024\" height=\"768\" data-id=\"262\" src=\"https:\/\/k2notebook.hu\/wp-content\/uploads\/2026\/03\/dell-5490-1024x768.png\" alt=\"\" class=\"wp-image-262\" style=\"border-width:10px;border-top-left-radius:20px;border-top-right-radius:20px;border-bottom-left-radius:20px;border-bottom-right-radius:20px\" srcset=\"https:\/\/k2notebook.hu\/wp-content\/uploads\/2026\/03\/dell-5490-1024x768.png 1024w, https:\/\/k2notebook.hu\/wp-content\/uploads\/2026\/03\/dell-5490-300x225.png 300w, https:\/\/k2notebook.hu\/wp-content\/uploads\/2026\/03\/dell-5490-768x576.png 768w, https:\/\/k2notebook.hu\/wp-content\/uploads\/2026\/03\/dell-5490-1536x1152.png 1536w, https:\/\/k2notebook.hu\/wp-content\/uploads\/2026\/03\/dell-5490.png 2048w\" sizes=\"auto, (max-width: 1024px) 100vw, 1024px\" \/><\/a><figcaption class=\"wp-element-caption\"><strong>Dell Latitude 5490 &#8211; 59.990 HUF<\/strong> <strong>(\u00c1FA-s)<\/strong><br>Intel Core i3 7130U &#8211; 8 GB DDR4 RAM &#8211; 128 GB SSD (b\u0151v\u00edthet\u0151) &#8211; 14&#8243; HD Ready &#8211; 2-3 \u00f3ra akku &#8211; Windows 11<\/figcaption><\/figure>\n<\/figure>\n\n\n\n<p class=\"has-text-align-center\"><\/p>\n<\/div>\n<\/div>\n\n\n\n<figure class=\"wp-block-gallery has-nested-images columns-default is-cropped wp-block-gallery-3 is-layout-flex wp-block-gallery-is-layout-flex\">\n<figure class=\"wp-block-image size-large has-custom-border wp-container-content-69bc4bdf\"><a href=\"https:\/\/k2notebook.hu\/wp-content\/uploads\/2026\/03\/Hp-probook-650-G3.jpg\" target=\"_blank\" rel=\" noreferrer noopener\"><img loading=\"lazy\" decoding=\"async\" width=\"1024\" height=\"768\" data-id=\"229\" src=\"https:\/\/k2notebook.hu\/wp-content\/uploads\/2026\/03\/Hp-probook-650-G3-1024x768.jpg\" alt=\"\" class=\"wp-image-229\" style=\"border-width:10px;border-top-left-radius:20px;border-top-right-radius:20px;border-bottom-left-radius:20px;border-bottom-right-radius:20px\" srcset=\"https:\/\/k2notebook.hu\/wp-content\/uploads\/2026\/03\/Hp-probook-650-G3-1024x768.jpg 1024w, https:\/\/k2notebook.hu\/wp-content\/uploads\/2026\/03\/Hp-probook-650-G3-300x225.jpg 300w, https:\/\/k2notebook.hu\/wp-content\/uploads\/2026\/03\/Hp-probook-650-G3-768x576.jpg 768w, https:\/\/k2notebook.hu\/wp-content\/uploads\/2026\/03\/Hp-probook-650-G3-1536x1152.jpg 1536w, https:\/\/k2notebook.hu\/wp-content\/uploads\/2026\/03\/Hp-probook-650-G3.jpg 2048w\" sizes=\"auto, (max-width: 1024px) 100vw, 1024px\" \/><\/a><figcaption class=\"wp-element-caption\"><strong>HP Probook 650 G3 &#8211; 64.990 HUF<\/strong> <br>Intel Core i5 7200U &#8211; 8 GB DDR4 &#8211; 128 GB SSD (B\u0151v\u00edthet\u0151) &#8211; 2+ \u00f3ra akku &#8211; 15,6&#8243; Full HD &#8211; Windows 11<\/figcaption><\/figure>\n<\/figure>\n\n\n\n<figure class=\"wp-block-gallery has-nested-images columns-default is-cropped wp-block-gallery-4 is-layout-flex wp-block-gallery-is-layout-flex\">\n<figure class=\"wp-block-image size-full has-custom-border\"><a href=\"https:\/\/k2notebook.hu\/wp-content\/uploads\/2026\/03\/fujitsu-e556.png\" target=\"_blank\" rel=\" noreferrer noopener\"><img loading=\"lazy\" decoding=\"async\" width=\"1024\" height=\"768\" data-id=\"233\" src=\"https:\/\/k2notebook.hu\/wp-content\/uploads\/2026\/03\/fujitsu-e556.png\" alt=\"\" class=\"wp-image-233\" style=\"border-width:10px;border-top-left-radius:20px;border-top-right-radius:20px;border-bottom-left-radius:20px;border-bottom-right-radius:20px\" srcset=\"https:\/\/k2notebook.hu\/wp-content\/uploads\/2026\/03\/fujitsu-e556.png 1024w, https:\/\/k2notebook.hu\/wp-content\/uploads\/2026\/03\/fujitsu-e556-300x225.png 300w, https:\/\/k2notebook.hu\/wp-content\/uploads\/2026\/03\/fujitsu-e556-768x576.png 768w\" sizes=\"auto, (max-width: 1024px) 100vw, 1024px\" \/><\/a><figcaption class=\"wp-element-caption\"><strong>Fujitsu Lifebook E556 &#8211; 49.990 HUF<\/strong> <br>Intel Core i5 6200U &#8211; 8 GB DDR4 &#8211; 128 GB SSD (B\u0151v\u00edthet\u0151) &#8211; 2 \u00f3ra akku &#8211; 15,6&#8243; HD Ready &#8211; Windows 11<\/figcaption><\/figure>\n<\/figure>\n<\/div>\n<\/div>\n<\/div>\n\n\n\n<div class=\"wp-block-group is-layout-grid wp-container-core-group-is-layout-510ef126 wp-block-group-is-layout-grid\">\n<figure class=\"wp-block-gallery has-nested-images columns-default is-cropped wp-block-gallery-5 is-layout-flex wp-block-gallery-is-layout-flex\">\n<figure class=\"wp-block-image size-full has-custom-border\"><a href=\"https:\/\/k2notebook.hu\/index.php\/notebookok\/dell-vostro-15-5510\/\" target=\"_blank\" rel=\" noreferrer noopener\"><img loading=\"lazy\" decoding=\"async\" width=\"2048\" height=\"1536\" data-id=\"243\" src=\"https:\/\/k2notebook.hu\/wp-content\/uploads\/2026\/03\/Dell-Vostro-15-5510.jpg\" alt=\"\" class=\"wp-image-243\" style=\"border-width:10px;border-top-left-radius:20px;border-top-right-radius:20px;border-bottom-left-radius:20px;border-bottom-right-radius:20px\" srcset=\"https:\/\/k2notebook.hu\/wp-content\/uploads\/2026\/03\/Dell-Vostro-15-5510.jpg 2048w, https:\/\/k2notebook.hu\/wp-content\/uploads\/2026\/03\/Dell-Vostro-15-5510-300x225.jpg 300w, https:\/\/k2notebook.hu\/wp-content\/uploads\/2026\/03\/Dell-Vostro-15-5510-1024x768.jpg 1024w, https:\/\/k2notebook.hu\/wp-content\/uploads\/2026\/03\/Dell-Vostro-15-5510-768x576.jpg 768w, https:\/\/k2notebook.hu\/wp-content\/uploads\/2026\/03\/Dell-Vostro-15-5510-1536x1152.jpg 1536w\" sizes=\"auto, (max-width: 2048px) 100vw, 2048px\" \/><\/a><figcaption class=\"wp-element-caption\"><strong>Dell Vostro 15 5510 &#8211; 149.990 HUF<\/strong> <br>Intel Core i7-11370H &#8211; 16 GB DDR4 &#8211; 256 GB SSD &#8211; Intel Iris &#8211; 15,6&#8243; Full HD &#8211; 2+ \u00f3ra akku &#8211; Windows 11<\/figcaption><\/figure>\n<\/figure>\n\n\n\n<figure class=\"wp-block-gallery has-nested-images columns-default is-cropped wp-block-gallery-6 is-layout-flex wp-block-gallery-is-layout-flex\">\n<figure class=\"wp-block-image size-full has-custom-border wp-container-content-69bc4bdf\"><a href=\"https:\/\/k2notebook.hu\/wp-content\/uploads\/2026\/03\/Lenovo-Legion-5-1.jpg\" target=\"_blank\"><img loading=\"lazy\" decoding=\"async\" width=\"1536\" height=\"2048\" data-id=\"248\" src=\"https:\/\/k2notebook.hu\/wp-content\/uploads\/2026\/03\/Lenovo-Legion-5-1.jpg\" alt=\"\" class=\"wp-image-248\" style=\"border-width:10px;border-top-left-radius:20px;border-top-right-radius:20px;border-bottom-left-radius:20px;border-bottom-right-radius:20px;object-fit:cover\" srcset=\"https:\/\/k2notebook.hu\/wp-content\/uploads\/2026\/03\/Lenovo-Legion-5-1.jpg 1536w, https:\/\/k2notebook.hu\/wp-content\/uploads\/2026\/03\/Lenovo-Legion-5-1-225x300.jpg 225w, https:\/\/k2notebook.hu\/wp-content\/uploads\/2026\/03\/Lenovo-Legion-5-1-768x1024.jpg 768w, https:\/\/k2notebook.hu\/wp-content\/uploads\/2026\/03\/Lenovo-Legion-5-1-1152x1536.jpg 1152w\" sizes=\"auto, (max-width: 1536px) 100vw, 1536px\" \/><\/a><figcaption class=\"wp-element-caption\"><strong>Lenovo Legion 5 &#8211; 209.990 HUF<\/strong> <br>AMD Ryzen 5 5600H &#8211; 16 GB DDR4 &#8211; 512 GB SSD &#8211; Geforce RTX 3050Ti 4 GB &#8211; 15,6&#8243; Full HD 165Hz &#8211; 2 \u00f3ra akku &#8211; Windows 11<\/figcaption><\/figure>\n<\/figure>\n<\/div>\n\n\n\n<div class=\"wp-block-group is-layout-grid wp-container-core-group-is-layout-510ef126 wp-block-group-is-layout-grid\">\n<figure class=\"wp-block-gallery has-nested-images columns-default is-cropped wp-block-gallery-7 is-layout-flex wp-block-gallery-is-layout-flex\">\n<figure class=\"wp-block-image size-full has-custom-border\"><a href=\"https:\/\/k2notebook.hu\/wp-content\/uploads\/2026\/03\/Dell-Latitude-5510.jpg\" target=\"_blank\" rel=\" noreferrer noopener\"><img loading=\"lazy\" decoding=\"async\" width=\"1536\" height=\"2048\" data-id=\"337\" src=\"https:\/\/k2notebook.hu\/wp-content\/uploads\/2026\/03\/Dell-Latitude-5510.jpg\" alt=\"\" class=\"wp-image-337\" style=\"border-width:10px;border-top-left-radius:20px;border-top-right-radius:20px;border-bottom-left-radius:20px;border-bottom-right-radius:20px;object-fit:cover\" srcset=\"https:\/\/k2notebook.hu\/wp-content\/uploads\/2026\/03\/Dell-Latitude-5510.jpg 1536w, https:\/\/k2notebook.hu\/wp-content\/uploads\/2026\/03\/Dell-Latitude-5510-225x300.jpg 225w, https:\/\/k2notebook.hu\/wp-content\/uploads\/2026\/03\/Dell-Latitude-5510-768x1024.jpg 768w, https:\/\/k2notebook.hu\/wp-content\/uploads\/2026\/03\/Dell-Latitude-5510-1152x1536.jpg 1152w\" sizes=\"auto, (max-width: 1536px) 100vw, 1536px\" \/><\/a><figcaption class=\"wp-element-caption\"><strong>Dell Latitude 5510 &#8211; 104.990 HUF<\/strong> <br>Intel Core i5-10310U &#8211; 8 GB DDR4 &#8211; 256 GB SSD &#8211; Intel UHD &#8211; 15,6&#8243; Full HD &#8211; 2 \u00f3ra akku &#8211; Windows 11<\/figcaption><\/figure>\n<\/figure>\n\n\n\n<figure class=\"wp-block-gallery has-nested-images columns-default is-cropped wp-block-gallery-8 is-layout-flex wp-block-gallery-is-layout-flex\">\n<figure class=\"wp-block-image size-full has-custom-border\"><a href=\"https:\/\/k2notebook.hu\/wp-content\/uploads\/2026\/03\/Dell-G3-3590.jpg\" target=\"_blank\" rel=\" noreferrer noopener\"><img loading=\"lazy\" decoding=\"async\" width=\"1536\" height=\"2048\" data-id=\"253\" src=\"https:\/\/k2notebook.hu\/wp-content\/uploads\/2026\/03\/Dell-G3-3590.jpg\" alt=\"\" class=\"wp-image-253\" style=\"border-width:10px;border-top-left-radius:20px;border-top-right-radius:20px;border-bottom-left-radius:20px;border-bottom-right-radius:20px;object-fit:cover\" srcset=\"https:\/\/k2notebook.hu\/wp-content\/uploads\/2026\/03\/Dell-G3-3590.jpg 1536w, https:\/\/k2notebook.hu\/wp-content\/uploads\/2026\/03\/Dell-G3-3590-225x300.jpg 225w, https:\/\/k2notebook.hu\/wp-content\/uploads\/2026\/03\/Dell-G3-3590-768x1024.jpg 768w, https:\/\/k2notebook.hu\/wp-content\/uploads\/2026\/03\/Dell-G3-3590-1152x1536.jpg 1152w\" sizes=\"auto, (max-width: 1536px) 100vw, 1536px\" \/><\/a><figcaption class=\"wp-element-caption\"><strong>Dell G3 3590 &#8211; 174.990 HUF<\/strong> <br>Intel Core i5-9300H &#8211; 16 GB DDR4 &#8211; 512 GB SSD + 512 GB HDD &#8211; Geforce GTX 1660 Ti 6GB &#8211; 15,6&#8243; Full HD &#8211; 1,5 \u00f3ra akku &#8211; Windows 11 <\/figcaption><\/figure>\n<\/figure>\n<\/div>\n\n\n\n<div class=\"wp-block-group is-layout-grid wp-container-core-group-is-layout-510ef126 wp-block-group-is-layout-grid\">\n<figure class=\"wp-block-gallery has-nested-images columns-default is-cropped wp-block-gallery-9 is-layout-flex wp-block-gallery-is-layout-flex\">\n<figure class=\"wp-block-image size-large has-custom-border\"><a href=\"https:\/\/k2notebook.hu\/wp-content\/uploads\/2026\/03\/Asus-Tuf-gaming-2.jpg\" target=\"_blank\" rel=\" noreferrer noopener\"><img loading=\"lazy\" decoding=\"async\" width=\"768\" height=\"1024\" data-id=\"272\" src=\"https:\/\/k2notebook.hu\/wp-content\/uploads\/2026\/03\/Asus-Tuf-gaming-2-768x1024.jpg\" alt=\"\" class=\"wp-image-272\" style=\"border-width:10px;border-top-left-radius:20px;border-top-right-radius:20px;border-bottom-left-radius:20px;border-bottom-right-radius:20px;object-fit:cover\" srcset=\"https:\/\/k2notebook.hu\/wp-content\/uploads\/2026\/03\/Asus-Tuf-gaming-2-768x1024.jpg 768w, https:\/\/k2notebook.hu\/wp-content\/uploads\/2026\/03\/Asus-Tuf-gaming-2-225x300.jpg 225w, https:\/\/k2notebook.hu\/wp-content\/uploads\/2026\/03\/Asus-Tuf-gaming-2-1152x1536.jpg 1152w, https:\/\/k2notebook.hu\/wp-content\/uploads\/2026\/03\/Asus-Tuf-gaming-2.jpg 1536w\" sizes=\"auto, (max-width: 768px) 100vw, 768px\" \/><\/a><figcaption class=\"wp-element-caption\"><strong>Asus TUF Gaming &#8211; 184.990 HUF<\/strong> <br>AMD Ryzen 7 3750H &#8211; 16 GB DDR4 &#8211; 512 GB SSD &#8211; Geforce GTX 1660 Ti &#8211; 15,6&#8243; Full HD 120Hz &#8211; 1,5 \u00f3ra akku &#8211; Windows 11 <\/figcaption><\/figure>\n<\/figure>\n\n\n\n<figure class=\"wp-block-gallery has-nested-images columns-default is-cropped wp-block-gallery-11 is-layout-flex wp-block-gallery-is-layout-flex\">\n<figure class=\"wp-block-image size-full has-custom-border wp-container-content-69bc4bdf wp-duotone-unset-10\"><a href=\"https:\/\/k2notebook.hu\/wp-content\/uploads\/2026\/03\/Acer-Aspire-A515-55.jpg\" target=\"_blank\" rel=\" noreferrer noopener\"><img loading=\"lazy\" decoding=\"async\" width=\"1536\" height=\"2048\" data-id=\"274\" src=\"https:\/\/k2notebook.hu\/wp-content\/uploads\/2026\/03\/Acer-Aspire-A515-55.jpg\" alt=\"\" class=\"wp-image-274\" style=\"border-width:10px;border-top-left-radius:20px;border-top-right-radius:20px;border-bottom-left-radius:20px;border-bottom-right-radius:20px;object-fit:cover\" srcset=\"https:\/\/k2notebook.hu\/wp-content\/uploads\/2026\/03\/Acer-Aspire-A515-55.jpg 1536w, https:\/\/k2notebook.hu\/wp-content\/uploads\/2026\/03\/Acer-Aspire-A515-55-225x300.jpg 225w, https:\/\/k2notebook.hu\/wp-content\/uploads\/2026\/03\/Acer-Aspire-A515-55-768x1024.jpg 768w, https:\/\/k2notebook.hu\/wp-content\/uploads\/2026\/03\/Acer-Aspire-A515-55-1152x1536.jpg 1152w\" sizes=\"auto, (max-width: 1536px) 100vw, 1536px\" \/><\/a><figcaption class=\"wp-element-caption\"><strong>Acer Aspire A515-55 &#8211; 109.990 HUF<\/strong> <br>Intel Core i5-1035G1 &#8211; 16 GB DDR4 &#8211; 512 GB SSD &#8211; Intel UHD &#8211; 15,6&#8243; Full HD &#8211; 2+ \u00f3ra akku &#8211; Windows 11<\/figcaption><\/figure>\n<\/figure>\n<\/div>\n","protected":false},"excerpt":{"rendered":"","protected":false},"author":1,"featured_media":0,"parent":0,"menu_order":0,"comment_status":"closed","ping_status":"closed","template":"","meta":{"footnotes":""},"class_list":["post-160","page","type-page","status-publish","hentry"],"_links":{"self":[{"href":"https:\/\/k2notebook.hu\/index.php\/wp-json\/wp\/v2\/pages\/160","targetHints":{"allow":["GET"]}}],"collection":[{"href":"https:\/\/k2notebook.hu\/index.php\/wp-json\/wp\/v2\/pages"}],"about":[{"href":"https:\/\/k2notebook.hu\/index.php\/wp-json\/wp\/v2\/types\/page"}],"author":[{"embeddable":true,"href":"https:\/\/k2notebook.hu\/index.php\/wp-json\/wp\/v2\/users\/1"}],"replies":[{"embeddable":true,"href":"https:\/\/k2notebook.hu\/index.php\/wp-json\/wp\/v2\/comments?post=160"}],"version-history":[{"count":101,"href":"https:\/\/k2notebook.hu\/index.php\/wp-json\/wp\/v2\/pages\/160\/revisions"}],"predecessor-version":[{"id":347,"href":"https:\/\/k2notebook.hu\/index.php\/wp-json\/wp\/v2\/pages\/160\/revisions\/347"}],"wp:attachment":[{"href":"https:\/\/k2notebook.hu\/index.php\/wp-json\/wp\/v2\/media?parent=160"}],"curies":[{"name":"wp","href":"https:\/\/api.w.org\/{rel}","templated":true}]}}